{"id":954,"date":"2023-02-17T15:52:01","date_gmt":"2023-02-17T15:52:01","guid":{"rendered":"https:\/\/library.startertemplatecloud.com\/g19\/?page_id=954"},"modified":"2025-02-15T22:15:02","modified_gmt":"2025-02-15T21:15:02","slug":"our-gallery","status":"publish","type":"page","link":"https:\/\/strona.przewodnicy.krakow.pl\/?page_id=954","title":{"rendered":"\u201eKOCHAM KRAK\u00d3W. PODR\u00d3\u017b PRZEZ HISTORIE WEHIKU\u0141EM CZASU\u201d"},"content":{"rendered":"<style>.kb-row-layout-id954_cf6fa3-53 > .kt-row-column-wrap{align-content:start;}:where(.kb-row-layout-id954_cf6fa3-53 > .kt-row-column-wrap) > .wp-block-kadence-column{justify-content:start;}.kb-row-layout-id954_cf6fa3-53 > .kt-row-column-wrap{column-gap:var(--global-kb-gap-md, 2rem);row-gap:var(--global-kb-gap-md, 2rem);max-width:700px;margin-left:auto;margin-right:auto;padding-top:var(--global-kb-spacing-5xl, 10rem);padding-bottom:var(--global-kb-spacing-xxl, 5rem);grid-template-columns:minmax(0, 1fr);}.kb-row-layout-id954_cf6fa3-53{background-image:url('https:\/\/strona.przewodnicy.krakow.pl\/wp-content\/uploads\/2025\/01\/podgorzea.jpg');background-size:cover;background-position:center center;background-attachment:scroll;background-repeat:no-repeat;}.kb-row-layout-id954_cf6fa3-53 > .kt-row-layout-overlay{opacity:0.60;background-color:var(--global-palette3, #1A202C);mix-blend-mode:normal;}@media all and (max-width: 1024px){.kb-row-layout-id954_cf6fa3-53 > .kt-row-column-wrap{grid-template-columns:minmax(0, 1fr);}}@media all and (max-width: 767px){.kb-row-layout-id954_cf6fa3-53 > .kt-row-column-wrap{grid-template-columns:minmax(0, 1fr);}}<\/style><div class=\"kb-row-layout-wrap kb-row-layout-id954_cf6fa3-53 alignnone kt-row-has-bg wp-block-kadence-rowlayout\"><div class=\"kt-row-layout-overlay kt-row-overlay-normal\"><\/div><div class=\"kt-row-column-wrap kt-has-1-columns kt-row-layout-equal kt-tab-layout-inherit kt-mobile-layout-row kt-row-valign-top\">\n<style>.kadence-column954_d424a1-82 > .kt-inside-inner-col,.kadence-column954_d424a1-82 > .kt-inside-inner-col:before{border-top-left-radius:0px;border-top-right-radius:0px;border-bottom-right-radius:0px;border-bottom-left-radius:0px;}.kadence-column954_d424a1-82 > .kt-inside-inner-col{column-gap:var(--global-kb-gap-sm, 1rem);}.kadence-column954_d424a1-82 > .kt-inside-inner-col{flex-direction:column;}.kadence-column954_d424a1-82 > .kt-inside-inner-col > .aligncenter{width:100%;}.kadence-column954_d424a1-82 > .kt-inside-inner-col:before{opacity:0.3;}.kadence-column954_d424a1-82{position:relative;}@media all and (max-width: 1024px){.kadence-column954_d424a1-82 > .kt-inside-inner-col{flex-direction:column;}}@media all and (max-width: 767px){.kadence-column954_d424a1-82 > .kt-inside-inner-col{flex-direction:column;}}<\/style>\n<div class=\"wp-block-kadence-column kadence-column954_d424a1-82\"><div class=\"kt-inside-inner-col\"><style>.wp-block-kadence-advancedheading.kt-adv-heading954_6cc1d4-1b, .wp-block-kadence-advancedheading.kt-adv-heading954_6cc1d4-1b[data-kb-block=\"kb-adv-heading954_6cc1d4-1b\"]{text-align:center;font-style:normal;}.wp-block-kadence-advancedheading.kt-adv-heading954_6cc1d4-1b mark.kt-highlight, .wp-block-kadence-advancedheading.kt-adv-heading954_6cc1d4-1b[data-kb-block=\"kb-adv-heading954_6cc1d4-1b\"] mark.kt-highlight{font-style:normal;color:#f76a0c;-webkit-box-decoration-break:clone;box-decoration-break:clone;padding-top:0px;padding-right:0px;padding-bottom:0px;padding-left:0px;}<\/style>\n<h2 class=\"kt-adv-heading954_6cc1d4-1b wp-block-kadence-advancedheading has-theme-palette-9-color has-text-color\" data-kb-block=\"kb-adv-heading954_6cc1d4-1b\"><strong>KOCHAM KRAK\u00d3W<\/strong><\/h2>\n\n\n<style>.wp-block-kadence-advancedheading.kt-adv-heading954_fe53b0-53, .wp-block-kadence-advancedheading.kt-adv-heading954_fe53b0-53[data-kb-block=\"kb-adv-heading954_fe53b0-53\"]{text-align:center;font-style:normal;}.wp-block-kadence-advancedheading.kt-adv-heading954_fe53b0-53 mark.kt-highlight, .wp-block-kadence-advancedheading.kt-adv-heading954_fe53b0-53[data-kb-block=\"kb-adv-heading954_fe53b0-53\"] mark.kt-highlight{font-style:normal;color:#f76a0c;-webkit-box-decoration-break:clone;box-decoration-break:clone;padding-top:0px;padding-right:0px;padding-bottom:0px;padding-left:0px;}<\/style>\n<p class=\"kt-adv-heading954_fe53b0-53 wp-block-kadence-advancedheading has-theme-palette-9-color has-text-color\" data-kb-block=\"kb-adv-heading954_fe53b0-53\">Lorem ipsum dolor sit amet, consectetur adipiscing elit. Ut<br>elit tellus, luctus nec ullamcorper mattis, pulvinar dapibus leo.<\/p>\n<\/div><\/div>\n\n<\/div><\/div>\n\n<style>.kb-row-layout-id954_7de95b-a8 > .kt-row-column-wrap{align-content:center;}:where(.kb-row-layout-id954_7de95b-a8 > .kt-row-column-wrap) > .wp-block-kadence-column{justify-content:center;}.kb-row-layout-id954_7de95b-a8 > .kt-row-column-wrap{column-gap:var(--global-kb-gap-md, 2rem);row-gap:var(--global-kb-gap-md, 2rem);padding-top:var(--global-kb-spacing-sm, 1.5rem);padding-right:var(--global-kb-spacing-xs, 1rem);padding-bottom:var(--global-kb-spacing-xs, 1rem);padding-left:var(--global-kb-spacing-xs, 1rem);grid-template-columns:repeat(2, minmax(0, 1fr));}.kb-row-layout-id954_7de95b-a8 > .kt-row-layout-overlay{opacity:0.30;}@media all and (max-width: 1024px){.kb-row-layout-id954_7de95b-a8 > .kt-row-column-wrap{padding-top:var(--global-kb-spacing-sm, 1.5rem);grid-template-columns:minmax(0, 1fr);}}@media all and (max-width: 767px){.kb-row-layout-id954_7de95b-a8 > .kt-row-column-wrap{grid-template-columns:minmax(0, 1fr);}}<\/style><div class=\"kb-row-layout-wrap kb-row-layout-id954_7de95b-a8 alignnone wp-block-kadence-rowlayout\"><div class=\"kt-row-column-wrap kt-has-2-columns kt-row-layout-equal kt-tab-layout-row kt-mobile-layout-row kt-row-valign-middle\">\n<style>.kadence-column954_8128fd-44 > .kt-inside-inner-col,.kadence-column954_8128fd-44 > .kt-inside-inner-col:before{border-top-left-radius:0px;border-top-right-radius:0px;border-bottom-right-radius:0px;border-bottom-left-radius:0px;}.kadence-column954_8128fd-44 > .kt-inside-inner-col{column-gap:var(--global-kb-gap-sm, 1rem);}.kadence-column954_8128fd-44 > .kt-inside-inner-col{flex-direction:column;}.kadence-column954_8128fd-44 > .kt-inside-inner-col > .aligncenter{width:100%;}.kadence-column954_8128fd-44 > .kt-inside-inner-col:before{opacity:0.3;}.kadence-column954_8128fd-44{position:relative;}@media all and (max-width: 1024px){.kadence-column954_8128fd-44 > .kt-inside-inner-col{flex-direction:column;}}@media all and (max-width: 767px){.kadence-column954_8128fd-44 > .kt-inside-inner-col{flex-direction:column;}}<\/style>\n<div class=\"wp-block-kadence-column kadence-column954_8128fd-44\"><div class=\"kt-inside-inner-col\"><style>.kb-image954_9e5c76-72 .kb-image-has-overlay:after{opacity:0.3;border-top-left-radius:10px;border-top-right-radius:10px;border-bottom-right-radius:10px;border-bottom-left-radius:10px;}.kb-image954_9e5c76-72 img.kb-img, .kb-image954_9e5c76-72 .kb-img img{border-top-left-radius:10px;border-top-right-radius:10px;border-bottom-right-radius:10px;border-bottom-left-radius:10px;}<\/style>\n<figure class=\"wp-block-kadence-image kb-image954_9e5c76-72 size-full kb-image-is-ratio-size\"><div class=\"kb-is-ratio-image kb-image-ratio-land43\"><img loading=\"lazy\" decoding=\"async\" width=\"269\" height=\"182\" src=\"http:\/\/strona.przewodnicy.krakow.pl\/wp-content\/uploads\/2024\/12\/img_4413-269x182-1.jpg\" alt=\"\" class=\"kb-img wp-image-1173\"\/><\/div><\/figure>\n<\/div><\/div>\n\n\n<style>.kadence-column954_4b8e71-c4 > .kt-inside-inner-col,.kadence-column954_4b8e71-c4 > .kt-inside-inner-col:before{border-top-left-radius:0px;border-top-right-radius:0px;border-bottom-right-radius:0px;border-bottom-left-radius:0px;}.kadence-column954_4b8e71-c4 > .kt-inside-inner-col{column-gap:var(--global-kb-gap-sm, 1rem);}.kadence-column954_4b8e71-c4 > .kt-inside-inner-col{flex-direction:column;}.kadence-column954_4b8e71-c4 > .kt-inside-inner-col > .aligncenter{width:100%;}.kadence-column954_4b8e71-c4 > .kt-inside-inner-col:before{opacity:0.3;}.kadence-column954_4b8e71-c4{position:relative;}@media all and (max-width: 1024px){.kadence-column954_4b8e71-c4 > .kt-inside-inner-col{flex-direction:column;}}@media all and (max-width: 767px){.kadence-column954_4b8e71-c4 > .kt-inside-inner-col{flex-direction:column;}}<\/style>\n<div class=\"wp-block-kadence-column kadence-column954_4b8e71-c4\"><div class=\"kt-inside-inner-col\"><style>.wp-block-kadence-advancedheading.kt-adv-heading954_9440f8-c4, .wp-block-kadence-advancedheading.kt-adv-heading954_9440f8-c4[data-kb-block=\"kb-adv-heading954_9440f8-c4\"]{font-style:normal;}.wp-block-kadence-advancedheading.kt-adv-heading954_9440f8-c4 mark.kt-highlight, .wp-block-kadence-advancedheading.kt-adv-heading954_9440f8-c4[data-kb-block=\"kb-adv-heading954_9440f8-c4\"] mark.kt-highlight{font-style:normal;color:#f76a0c;-webkit-box-decoration-break:clone;box-decoration-break:clone;padding-top:0px;padding-right:0px;padding-bottom:0px;padding-left:0px;}<\/style>\n<h2 class=\"kt-adv-heading954_9440f8-c4 wp-block-kadence-advancedheading\" data-kb-block=\"kb-adv-heading954_9440f8-c4\"><strong>\u201eKOCHAM KRAK\u00d3W. PODR\u00d3\u017b PRZEZ HISTORIE WEHIKU\u0141EM CZASU\u201d<\/strong><\/h2>\n\n\n<style>.wp-block-kadence-advancedheading.kt-adv-heading954_acb2b5-ab, .wp-block-kadence-advancedheading.kt-adv-heading954_acb2b5-ab[data-kb-block=\"kb-adv-heading954_acb2b5-ab\"]{font-style:normal;}.wp-block-kadence-advancedheading.kt-adv-heading954_acb2b5-ab mark.kt-highlight, .wp-block-kadence-advancedheading.kt-adv-heading954_acb2b5-ab[data-kb-block=\"kb-adv-heading954_acb2b5-ab\"] mark.kt-highlight{font-style:normal;color:#f76a0c;-webkit-box-decoration-break:clone;box-decoration-break:clone;padding-top:0px;padding-right:0px;padding-bottom:0px;padding-left:0px;}<\/style>\n<p class=\"kt-adv-heading954_acb2b5-ab wp-block-kadence-advancedheading\" data-kb-block=\"kb-adv-heading954_acb2b5-ab\">W projekcie realizowanym od marca do czerwca 2021 roku uczestniczy\u0142o oko\u0142o 360 dzieci z krakowskich szk\u00f3\u0142 podstawowych i przedszkoli. M\u0142odzi&nbsp; &nbsp;mi\u0142o\u015bnicy Krakowa wzi\u0119li udzia\u0142 w wycieczkach, prelekcjach, spacerach, grach terenowych, zaj\u0119ciach on-line organizowanych przez nauczycieli i&nbsp; &nbsp;wychowawc\u00f3w we wsp\u00f3\u0142pracy z przewodnikami Stowarzyszenia O\u015bwiatowego \u201eZamek Kr\u00f3lewski w Krakowie\u201d.&nbsp; Podczas licznych wycieczek dzieci odwiedzi\u0142y&nbsp; &nbsp;mi\u0119dzy innymi Zamek Kr\u00f3lewski na Wawelu, Katedr\u0119 Wawelsk\u0105, Podziemia Rynku, Ko\u015bci\u00f3\u0142 Mariacki, Kamienic\u0119 Hipolit\u00f3w, Barbakan i Mury Obronne.&nbsp; &nbsp;Oczywi\u015bcie nie mog\u0142o zabrakn\u0105\u0107 wizyty u Wawelskiego Smoka.&nbsp; Uczestnicy mieli mo\u017cliwo\u015b\u0107 zag\u0142\u0119bi\u0107 si\u0119 w niezwyk\u0142y \u015bwiat krakowskich legend, pozna\u0107 dawne zwyczaje i tradycje, zanurzy\u0107 si\u0119 w fascynuj\u0105c\u0105 histori\u0119 miasta i ludzi, kt\u00f3rzy je tworzyli. Pozna\u0107 i pokocha\u0107 Krak\u00f3w \u2013 swoj\u0105 ma\u0142\u0105 Ojczyzn\u0119.<\/p>\n\n\n\n<p>Efektem tej niezwyk\u0142ej podr\u00f3\u017cy wehiku\u0142em czasu jest wystawa prac uczestnik\u00f3w projektu, kt\u00f3r\u0105 ogl\u0105da\u0107 mo\u017cna do wrze\u015bnia 2021 r. w Wypo\u017cyczalni dla Dzieci Wojew\u00f3dzkiej Biblioteki Publicznej w Krakowie.<\/p>\n\n\n\n<p>Pomys\u0142odawca i organizator projektu: Specjalistyczna&nbsp;Poradnia Wczesnej Pomocy Psychologiczno-Pedagogicznej<\/p>\n\n\n\n<p>Wsp\u00f3\u0142praca: Stowarzyszenie O\u015bwiatowe \u201eZamek Kr\u00f3lewski w Krakowie\u201d oraz&nbsp;Wojew\u00f3dzka Biblioteka Publiczna ul. Rajska 1<\/p>\n\n\n\n<p>Finansowanie:&nbsp;Wydzia\u0142 Edukacji Urz\u0119du&nbsp;Miasta Krakowa w ramach wspomagania rozwoju szk\u00f3\u0142<\/p>\n\n\n\n<p><a href=\"http:\/\/przewodnicy.krakow.pl\/edukacja\/kocham-krakow\/attachment\/kocham-krakow-3\">Kocham Krak\u00f3w \u2013 wideo<\/a><\/p>\n<\/div><\/div>\n\n<\/div><\/div>\n\n<style>.kadence-column954_51fd4a-26 > .kt-inside-inner-col{padding-right:0px;padding-left:0px;}.kadence-column954_51fd4a-26 > .kt-inside-inner-col,.kadence-column954_51fd4a-26 > .kt-inside-inner-col:before{border-top-left-radius:0px;border-top-right-radius:0px;border-bottom-right-radius:0px;border-bottom-left-radius:0px;}.kadence-column954_51fd4a-26 > .kt-inside-inner-col{column-gap:var(--global-kb-gap-sm, 1rem);}.kadence-column954_51fd4a-26 > .kt-inside-inner-col{flex-direction:column;}.kadence-column954_51fd4a-26 > .kt-inside-inner-col > .aligncenter{width:100%;}.kadence-column954_51fd4a-26 > .kt-inside-inner-col:before{opacity:0.3;}.kadence-column954_51fd4a-26{position:relative;}@media all and (max-width: 1024px){.kadence-column954_51fd4a-26 > .kt-inside-inner-col{flex-direction:column;}}@media all and (max-width: 767px){.kadence-column954_51fd4a-26 > .kt-inside-inner-col{flex-direction:column;}}<\/style>\n<div class=\"wp-block-kadence-column kadence-column954_51fd4a-26 inner-column-1\"><div class=\"kt-inside-inner-col\"><style>.wp-block-kadence-advancedgallery .kb-gallery-type-grid.kb-gallery-id-954_c932f3-a9{margin:-7px;}.kb-gallery-type-grid.kb-gallery-id-954_c932f3-a9 .kadence-blocks-gallery-item{padding:7px;}.kb-gallery-id-954_c932f3-a9 .kadence-blocks-gallery-item .kb-gal-image-radius, .kb-gallery-id-954_c932f3-a9 .kb-slide-item .kb-gal-image-radius img{border-radius:7px 7px 7px 7px;;}<\/style><div class=\"kb-gallery-wrap-id-954_c932f3-a9 alignnone wp-block-kadence-advancedgallery\"><ul class=\"kb-gallery-ul kb-gallery-non-static kb-gallery-type-grid kb-gallery-id-954_c932f3-a9 kb-gallery-caption-style-bottom-hover kb-gallery-filter-none\" data-image-filter=\"none\" data-item-selector=\".kadence-blocks-gallery-item\" data-lightbox-caption=\"true\" data-columns-xxl=\"3\" data-columns-xl=\"3\" data-columns-md=\"3\" data-columns-sm=\"2\" data-columns-xs=\"1\" data-columns-ss=\"1\"><li class=\"kadence-blocks-gallery-item\"><div class=\"kadence-blocks-gallery-item-inner\"><figure class=\"kb-gallery-figure kadence-blocks-gallery-item-hide-caption\" \"><div class=\"kb-gal-image-radius\"><div class=\"kb-gallery-image-contain kadence-blocks-gallery-intrinsic kb-gallery-image-ratio-land32 kb-has-image-ratio-land32\" ><img loading=\"lazy\" decoding=\"async\" src=\"http:\/\/strona.przewodnicy.krakow.pl\/wp-content\/uploads\/2024\/12\/img_5504-269x182-1.jpg\" width=\"269\" height=\"182\" alt=\"\" data-full-image=\"http:\/\/strona.przewodnicy.krakow.pl\/wp-content\/uploads\/2024\/12\/img_5504-269x182-1.jpg\" data-light-image=\"http:\/\/strona.przewodnicy.krakow.pl\/wp-content\/uploads\/2024\/12\/img_5504-269x182-1.jpg\" data-id=\"1165\" class=\"wp-image-1165\"\/><\/div><\/div><\/figure><\/div><\/li><li class=\"kadence-blocks-gallery-item\"><div class=\"kadence-blocks-gallery-item-inner\"><figure class=\"kb-gallery-figure kadence-blocks-gallery-item-hide-caption\" \"><div class=\"kb-gal-image-radius\"><div class=\"kb-gallery-image-contain kadence-blocks-gallery-intrinsic kb-gallery-image-ratio-land32 kb-has-image-ratio-land32\" ><img loading=\"lazy\" decoding=\"async\" src=\"http:\/\/strona.przewodnicy.krakow.pl\/wp-content\/uploads\/2024\/12\/img_5508-e1626255584469-269x182-1.jpg\" width=\"269\" height=\"182\" alt=\"\" data-full-image=\"http:\/\/strona.przewodnicy.krakow.pl\/wp-content\/uploads\/2024\/12\/img_5508-e1626255584469-269x182-1.jpg\" data-light-image=\"http:\/\/strona.przewodnicy.krakow.pl\/wp-content\/uploads\/2024\/12\/img_5508-e1626255584469-269x182-1.jpg\" data-id=\"1166\" class=\"wp-image-1166\"\/><\/div><\/div><\/figure><\/div><\/li><li class=\"kadence-blocks-gallery-item\"><div class=\"kadence-blocks-gallery-item-inner\"><figure class=\"kb-gallery-figure kadence-blocks-gallery-item-hide-caption\" \"><div class=\"kb-gal-image-radius\"><div class=\"kb-gallery-image-contain kadence-blocks-gallery-intrinsic kb-gallery-image-ratio-land32 kb-has-image-ratio-land32\" ><img loading=\"lazy\" decoding=\"async\" src=\"http:\/\/strona.przewodnicy.krakow.pl\/wp-content\/uploads\/2024\/12\/img_5456-e1626256957953-269x182-1.jpg\" width=\"269\" height=\"182\" alt=\"\" data-full-image=\"http:\/\/strona.przewodnicy.krakow.pl\/wp-content\/uploads\/2024\/12\/img_5456-e1626256957953-269x182-1.jpg\" data-light-image=\"http:\/\/strona.przewodnicy.krakow.pl\/wp-content\/uploads\/2024\/12\/img_5456-e1626256957953-269x182-1.jpg\" data-id=\"1167\" class=\"wp-image-1167\"\/><\/div><\/div><\/figure><\/div><\/li><li class=\"kadence-blocks-gallery-item\"><div class=\"kadence-blocks-gallery-item-inner\"><figure class=\"kb-gallery-figure kadence-blocks-gallery-item-hide-caption\" \"><div class=\"kb-gal-image-radius\"><div class=\"kb-gallery-image-contain kadence-blocks-gallery-intrinsic kb-gallery-image-ratio-land32 kb-has-image-ratio-land32\" ><img loading=\"lazy\" decoding=\"async\" src=\"http:\/\/strona.przewodnicy.krakow.pl\/wp-content\/uploads\/2024\/12\/img_5502-269x182-1.jpg\" width=\"269\" height=\"182\" alt=\"\" data-full-image=\"http:\/\/strona.przewodnicy.krakow.pl\/wp-content\/uploads\/2024\/12\/img_5502-269x182-1.jpg\" data-light-image=\"http:\/\/strona.przewodnicy.krakow.pl\/wp-content\/uploads\/2024\/12\/img_5502-269x182-1.jpg\" data-id=\"1168\" class=\"wp-image-1168\"\/><\/div><\/div><\/figure><\/div><\/li><li class=\"kadence-blocks-gallery-item\"><div class=\"kadence-blocks-gallery-item-inner\"><figure class=\"kb-gallery-figure kadence-blocks-gallery-item-hide-caption\" \"><div class=\"kb-gal-image-radius\"><div class=\"kb-gallery-image-contain kadence-blocks-gallery-intrinsic kb-gallery-image-ratio-land32 kb-has-image-ratio-land32\" ><img loading=\"lazy\" decoding=\"async\" src=\"http:\/\/strona.przewodnicy.krakow.pl\/wp-content\/uploads\/2024\/12\/img_5457-e1626256374539-235x182-1.jpg\" width=\"235\" height=\"182\" alt=\"\" data-full-image=\"http:\/\/strona.przewodnicy.krakow.pl\/wp-content\/uploads\/2024\/12\/img_5457-e1626256374539-235x182-1.jpg\" data-light-image=\"http:\/\/strona.przewodnicy.krakow.pl\/wp-content\/uploads\/2024\/12\/img_5457-e1626256374539-235x182-1.jpg\" data-id=\"1169\" class=\"wp-image-1169\"\/><\/div><\/div><\/figure><\/div><\/li><li class=\"kadence-blocks-gallery-item\"><div class=\"kadence-blocks-gallery-item-inner\"><figure class=\"kb-gallery-figure kadence-blocks-gallery-item-hide-caption\" \"><div class=\"kb-gal-image-radius\"><div class=\"kb-gallery-image-contain kadence-blocks-gallery-intrinsic kb-gallery-image-ratio-land32 kb-has-image-ratio-land32\" ><img loading=\"lazy\" decoding=\"async\" src=\"http:\/\/strona.przewodnicy.krakow.pl\/wp-content\/uploads\/2024\/12\/img_5452-269x182-1.jpg\" width=\"269\" height=\"182\" alt=\"\" data-full-image=\"http:\/\/strona.przewodnicy.krakow.pl\/wp-content\/uploads\/2024\/12\/img_5452-269x182-1.jpg\" data-light-image=\"http:\/\/strona.przewodnicy.krakow.pl\/wp-content\/uploads\/2024\/12\/img_5452-269x182-1.jpg\" data-id=\"1170\" class=\"wp-image-1170\"\/><\/div><\/div><\/figure><\/div><\/li><li class=\"kadence-blocks-gallery-item\"><div class=\"kadence-blocks-gallery-item-inner\"><figure class=\"kb-gallery-figure kadence-blocks-gallery-item-hide-caption\" \"><div class=\"kb-gal-image-radius\"><div class=\"kb-gallery-image-contain kadence-blocks-gallery-intrinsic kb-gallery-image-ratio-land32 kb-has-image-ratio-land32\" ><img loading=\"lazy\" decoding=\"async\" src=\"http:\/\/strona.przewodnicy.krakow.pl\/wp-content\/uploads\/2024\/12\/img_5506-269x182-1.jpg\" width=\"269\" height=\"182\" alt=\"\" data-full-image=\"http:\/\/strona.przewodnicy.krakow.pl\/wp-content\/uploads\/2024\/12\/img_5506-269x182-1.jpg\" data-light-image=\"http:\/\/strona.przewodnicy.krakow.pl\/wp-content\/uploads\/2024\/12\/img_5506-269x182-1.jpg\" data-id=\"1171\" class=\"wp-image-1171\"\/><\/div><\/div><\/figure><\/div><\/li><li class=\"kadence-blocks-gallery-item\"><div class=\"kadence-blocks-gallery-item-inner\"><figure class=\"kb-gallery-figure kadence-blocks-gallery-item-hide-caption\" \"><div class=\"kb-gal-image-radius\"><div class=\"kb-gallery-image-contain kadence-blocks-gallery-intrinsic kb-gallery-image-ratio-land32 kb-has-image-ratio-land32\" ><img loading=\"lazy\" decoding=\"async\" src=\"http:\/\/strona.przewodnicy.krakow.pl\/wp-content\/uploads\/2024\/12\/img_5459-e1626256304540-269x173-1.jpg\" width=\"269\" height=\"173\" alt=\"\" data-full-image=\"http:\/\/strona.przewodnicy.krakow.pl\/wp-content\/uploads\/2024\/12\/img_5459-e1626256304540-269x173-1.jpg\" data-light-image=\"http:\/\/strona.przewodnicy.krakow.pl\/wp-content\/uploads\/2024\/12\/img_5459-e1626256304540-269x173-1.jpg\" data-id=\"1172\" class=\"wp-image-1172\"\/><\/div><\/div><\/figure><\/div><\/li><\/ul><\/div><\/div><\/div>\n","protected":false},"excerpt":{"rendered":"<p>KOCHAM KRAK\u00d3W Lorem ipsum dolor sit amet, consectetur adipiscing elit. Utelit tellus, luctus nec ullamcorper mattis, pulvinar dapibus leo. \u201eKOCHAM KRAK\u00d3W. PODR\u00d3\u017b PRZEZ HISTORIE WEHIKU\u0141EM CZASU\u201d W projekcie realizowanym od&#8230;<\/p>\n","protected":false},"author":1,"featured_media":0,"parent":0,"menu_order":0,"comment_status":"closed","ping_status":"closed","template":"","meta":{"inline_featured_image":false,"_EventAllDay":false,"_EventTimezone":"","_EventStartDate":"","_EventEndDate":"","_EventStartDateUTC":"","_EventEndDateUTC":"","_EventShowMap":false,"_EventShowMapLink":false,"_EventURL":"","_EventCost":"","_EventCostDescription":"","_EventCurrencySymbol":"","_EventCurrencyCode":"","_EventCurrencyPosition":"","_EventDateTimeSeparator":"","_EventTimeRangeSeparator":"","_EventOrganizerID":[],"_EventVenueID":[],"_OrganizerEmail":"","_OrganizerPhone":"","_OrganizerWebsite":"","_VenueAddress":"","_VenueCity":"","_VenueCountry":"","_VenueProvince":"","_VenueState":"","_VenueZip":"","_VenuePhone":"","_VenueURL":"","_VenueStateProvince":"","_VenueLat":"","_VenueLng":"","_VenueShowMap":false,"_VenueShowMapLink":false,"_kadence_starter_templates_imported_post":true,"_kad_post_transparent":"","_kad_post_title":"","_kad_post_layout":"","_kad_post_sidebar_id":"","_kad_post_content_style":"","_kad_post_vertical_padding":"","_kad_post_feature":"","_kad_post_feature_position":"","_kad_post_header":false,"_kad_post_footer":false,"footnotes":""},"class_list":["post-954","page","type-page","status-publish","hentry"],"_links":{"self":[{"href":"https:\/\/strona.przewodnicy.krakow.pl\/index.php?rest_route=\/wp\/v2\/pages\/954","targetHints":{"allow":["GET"]}}],"collection":[{"href":"https:\/\/strona.przewodnicy.krakow.pl\/index.php?rest_route=\/wp\/v2\/pages"}],"about":[{"href":"https:\/\/strona.przewodnicy.krakow.pl\/index.php?rest_route=\/wp\/v2\/types\/page"}],"author":[{"embeddable":true,"href":"https:\/\/strona.przewodnicy.krakow.pl\/index.php?rest_route=\/wp\/v2\/users\/1"}],"replies":[{"embeddable":true,"href":"https:\/\/strona.przewodnicy.krakow.pl\/index.php?rest_route=%2Fwp%2Fv2%2Fcomments&post=954"}],"version-history":[{"count":8,"href":"https:\/\/strona.przewodnicy.krakow.pl\/index.php?rest_route=\/wp\/v2\/pages\/954\/revisions"}],"predecessor-version":[{"id":1278,"href":"https:\/\/strona.przewodnicy.krakow.pl\/index.php?rest_route=\/wp\/v2\/pages\/954\/revisions\/1278"}],"wp:attachment":[{"href":"https:\/\/strona.przewodnicy.krakow.pl\/index.php?rest_route=%2Fwp%2Fv2%2Fmedia&parent=954"}],"curies":[{"name":"wp","href":"https:\/\/api.w.org\/{rel}","templated":true}]}}